**3 + i**3 + 0*i**3. Let n(u) = u**2 - 2*u - 4. Let x be n(3). Determine s(x).
-4
Let c(g) = g**3 - g**2 + g. Let k(d) = -6*d**3 + 11*d**2 + 2*d + 1. Let s(q) = 5*c(q) + k(q). Let m be s(7). Let f(a) = -8*a**3 + a**2 - 1. Calculate f(m).
-8
Suppose o + 2*d - 15 = 1, 4*d - 20 = 0. Suppose 2 - o = -4*p. Let k(r) be the first derivative of 5*r**2/2 - r - 1. Calculate k(p).
4
Let f(g) be the first derivative of -g**4/4 - 8*g**3/3 - 3*g**2 + 3*g + 2. Calculate f(-7).
-4
Let s(f) = -f + 6. Let c(g) = 3*g + 0*g - 2*g - 4. Let q be c(10). Calculate s(q).
0
Let y(m) = -m**2 - 4*m + 5. Let z(n) = 10*n**3 + 3*n. Let d(l) = 15*l**3 + 4*l. Let u(t) = -5*d(t) + 7*z(t). Let w be u(1). Calculate y(w).
5
Let r(k) be the first derivative of k**5/60 - 5*k**4/24 + k**3/6 - 2*k**2 - 4. Let h(j) be the second derivative of r(j). Calculate h(4).
-3
Let v = -5 - -4. Let b(h) = h**2 - h - 1. Let k(y) = 3*y + 3. Let p(z) = 2*b(z) + k(z). Give p(v).
2
Let t = 0 - -5. Let n(r) = -t*r**2 + 1 - 3*r**3 + r + 2*r**3 - 2 + 2*r**2. What is n(-3)?
-4
Let j(o) = -o**2 - o. Let c(m) = -2*m**2 - 3*m + 19. Let b(v) = -c(v) + 3*j(v). Calculate b(0).
-19
Let x(c) = c**2 - c - 2. Let q be (-6)/(-9)*30/(-4). Let r = q - -8. Give x(r).
4
Let o = -8 - -13. Let b(z) = z**2 - 5*z - 6. Give b(o).
-6
Let p be (-69)/(-15) - 4/(-10). Let y(m) = -p + 2*m - 2*m - m + 0*m. Determine y(-6).
1
Let n(m) be the first derivative of -m**4/4 - 2*m**3 - 3*m**2 - 13. Calculate n(-5).
5
Suppose 4*y + 32 = -0*y. Let s = y - -12. Let t(r) = -s - r + r + r. What is t(5)?
1
Let i(l) = 6*l**2 + 4*l + 1. Let b = -8 + 3. Let v(k) = -7*k**2 - 5*k - 1. Let f(n) = b*i(n) - 4*v(n). Let d be 4/(-3) - (-1)/3. Give f(d).
-3
Let j(n) = n + 2. Let m(k) = -2*k - 4. Let b(z) = -5*j(z) - 2*m(z). What is b(4)?
-6
Let w be -3*(-2)/(-6)*3. Let m(q) = -2 + 2*q + 0 - 5*q. Determine m(w).
7
Let l(f) = -1 + 4*f - 2*f - 12*f**2 + 13*f**2 - f. Determine l(-2).
1
Let l(y) = y**3 - y**2 - 2*y + 5. Let z(h) = -h**3 + h**2 + h - 4. Let a be (1 - 3)/(1 + -2). Let u(n) = a*l(n) + 3*z(n). What is u(2)?
-8
Let s(i) = -i - 5. Let d(w) = w**2 + 9*w + 14. Let a be d(-10). Let r be 8/(-3)*(-36)/a. Calculate s(r).
-9
Let j(k) = 7*k**2 + 3*k - 4*k**2 + 0*k. Suppose -2*m - 2*m + 1 = -3*h, -m - h - 5 = 0. Determine j(m).
6
Let o(d) = -7*d - 1. Let b(k) = k. Let i(w) = -2*b(w) + o(w). Give i(-1).
8
Let g(h) = 2*h - 2. Let a(z) = -1. Let r(p) = -a(p) - g(p). Let w = -6 + 10. What is r(w)?
-5
Let t(b) = b**2 + b. Let i be (3*-8)/3 - -2. Let u = i - -8. Suppose -u*c + 1 + 1 = 0. Give t(c).
2
Let d(q) = -q**2 + q + 1. Let z(y) = -4*y**2 + 6*y + 5. Let l(a) = -5*d(a) + z(a). Calculate l(2).
6
Suppose 5*x - 21 = -3*j, -j + 2*x + x - 7 = 0. Let u(z) = -1 + 1 + z - j*z - 4. Give u(-4).
0
Let r(q) = q**2 + 6*q + 5. Suppose -2*b + 5*b = -15. Determine r(b).
0
Let j = -35/4 - -9. Let r(a) be the first derivative of 4*a + 1 + j*a**4 - 5/3*a**3 - a**2. Calculate r(5).
-6
Let x be (-5)/1*(-8)/10. Let o(g) = 566*g**3 - 567*g**3 + 4*g**2 + 3*g + 5 - 3*g. Calculate o(x).
5
Let a(s) = s**2 - s + 1. Let x(o) = -2*o - 3 + 7*o**2 + 7 - 2 + 0*o. Let w(u) = 6*a(u) - x(u). Suppose 4*y - 5*y - 2*n - 12 = 0, y - 4*n = 12. Give w(y).
4
Let m(g) = 3*g + 3. Let f(y) = -16*y - 16. Let h(n) = -2*f(n) - 11*m(n). Let v(t) = 10*t + 4. Let r(u) = 5*h(u) + v(u). Determine r(-2).
-11
Let f(a) = -a**2 - 4*a - 1. Suppose v - 5 = 2*v. What is f(v)?
-6
Let p(z) be the third derivative of z**6/120 - z**5/20 + z**4/12 - z**3/3 + 2*z**2 + 8*z. Give p(3).
4
Suppose -5*o - i - 7 = 0, -5*o - 5*i - 16 = -1. Let m(g) = -9*g**2 - 5*g - 5. Let r(w) = 99*w**2 + 54*w + 54. Let d(b) = -54*m(b) - 5*r(b). What is d(o)?
-9
Let q = 18 + -17. Let t(l) = -l**2 - 9*l - 4. Let u(h) = -h - 1. Let i(g) = q*t(g) - 5*u(g). What is i(-5)?
-4
Let c(r) = -r**3 - r + 7. Let a = -19 - -19. Determine c(a).
7
Let h(f) = -90*f - 2 - 93*f + 179*f. Calculate h(5).
-22
Let f(g) = -2*g + 3. Suppose 4*z = -3*w + 27, 5*z = -3*w + 15 + 18. Determine f(z).
-9
Let q(j) = 9*j**3 - 8*j**2 - 2*j + 4. Let v(f) = 4*f**3 - 4*f**2 - f + 2. Let b(k) = -6*q(k) + 13*v(k). Let d = -1 - 1. What is b(d)?
4
Suppose -5*u = -t + 35, -4*u + 0*t - 42 = 2*t. Let g(p) = p**3 + 8*p**2 + 5. Determine g(u).
5
Let u(w) be the third derivative of w**5/60 + 5*w**4/24 + 2*w**3/3 + 6*w**2. Calculate u(-3).
-2
Let s(x) = -4*x + 2. Let l = 6 - 3. Let o(w) = 7*w - 4. Let z(b) = l*o(b) + 5*s(b). Let a(j) = -j**3 + j**2 + j - 3. Let n be a(0). What is z(n)?
-5
Suppose -11 = 2*j + 3*n, -5*n + 8*n - 3 = 0. Let a(b) = -b**2 - 7*b + 3. What is a(j)?
3
Let v = 7 - 5. Let q(b) = 4*b - 6 - 5*b**2 + 0*b**v + 0*b**2 + 6*b**2. Suppose 0 = -3*o - 5*n + 10, -3*o - 6*n + 5 = -2*n. What is q(o)?
-1
Let r(t) = t**2 - t - 1. Let a(l) = -l - 7. Let i be a(-6). Let f be i/((-1)/(-8)) + -2. Let c = -7 - f. What is r(c)?
5
Suppose 0 = -2*j + 1 + 5. Suppose w + 2*w - 17 = 5*l, 2*l + j = 5*w. Let k(p) = p**3 + 2*p**2 + 2*p + 1. Give k(w).
0
Suppose -1 = -k + 2. Let o = -8 + k. Let x(h) be the third derivative of h**5/60 + h**4/6 - h**3/6 - 2*h**2. What is x(o)?
4
Let o(i) = -2*i - 1. Let z(r) = 4*r + 2. Let c(l) = 11*o(l) + 6*z(l). What is c(3)?
7
Suppose -10 = 4*k - w + 1, -2*k + 3*w - 13 = 0. Let s(n) = -6*n - 2. What is s(k)?
10
Let k(r) = -r**3 - 10*r**2 - r + 2. Let q be k(-10). Suppose -4*c = -4*u - q, -6 = -2*c + 2*u - 6*u. Let a(v) = -v**3 + 2*v**2 + 5*v - 4. Calculate a(c).
2
Let p(y) = y**2 + 11*y + 13. Let s be p(-10). Let i(u) = -u**3 + 2*u**2 + 2*u - 3. What is i(s)?
-6
Let p = -30 + 27. Let x(d) = 7*d - 2*d - 4*d. What is x(p)?
-3
Let i(h) = -2*h**2 - h**2 + 8*h**2. Let m(k) = k**3 + 2*k - 2. Let o be m(1). Determine i(o).
5
Let w(d) = d**3 + 17*d**2 - 39*d - 23. Let u be w(-19). Let z(p) = -p**3 - 5*p**2 - 2*p - 2. What is z(u)?
-10
Let q(v) = -v**3 + 4*v**2 + 0*v**3 - 2*v + 11 - 12 + 0*v. Calculate q(3).
2
Let h(d) be the third derivative of -1/120*d**5 - 1/3*d**3 + 0*d + 0 + 1/8*d**4 + d**2. Let a(m) be the first derivative of h(m). Give a(4).
-1
Suppose 2*j + k - 15 = 4*k, j - 6 = k. Suppose 0 = -3*s - 3, -j*w + 3*s = -s - 19. Suppose -w = -2*v + 5. Let z(h) = h - 4. What is z(v)?
1
Let g(i) = 149*i**3 + 7*i**2 - 7 + 2 - 150*i**3 - 4*i. Calculate g(6).
7
Let o(x) be the second derivative of -x**4/12 - 7*x**3/6 - 2*x**2 - 7*x. Calculate o(-7).
-4
Let n(v) be the first derivative of 2 + 0*v - 1/2*v**2 - 1/2*v**3 + 5/24*v**4 + 1/60*v**5. Let c(t) be the second derivative of n(t). What is c(-4)?
-7
Let i(k) be the third derivative of k**4/3 - k**3/6 + 2*k**2. Give i(-1).
-9
Suppose i + 3 - 7 = 0. Let q(w) = -7*w + 2. Let t(f) = -8*f + 3. Let p(s) = -6*q(s) + 5*t(s). Determine p(i).
11
Let s(k) = k. Let l(u) be the third derivative of -u**6/120 - u**5/60 - u**4/24 + u**3/2 + 2*u**2. Let n be l(0). Determine s(n).
3
Let w(f) = f**2 - 2*f - 3. Let v be w(3). Let a(y) = -y - 1. Calculate a(v).
-1
Let v(a) be the second derivative of a**5/20 + 7*a**4/12 + 5*a**3/6 - 3*a**2/2 - 7*a. Give v(-6).
3
Suppose -2*t - 4*o + 2 = -2*o, t + 3*o = -5. Let a(y) = 0*y**3 + 2*y**3 - 3*y**3 - t*y**2 - y. What is a(-3)?
-6
Let g(x) be the third derivative of -2/3*x**3 - 1/24*x**4 + 3*x**2 + 0*x + 0. Suppose -2*m = 2*m - 12. Calculate g(m).
-7
Suppose -21*c + 3 = -18*c. Let j(v) = 10*v**3. Determine j(c).
10
Let w(x) = x + 4. Suppose -2*t + 5*j - 8 = 0, -2*t - j = 2*t - 28. Let f be -1 + -1 + t + 0. Let k be 9/(-2) - f/(-8). Determine w(k).
0
Let d(j) = 2*j + 6. Let r(l) = -5*l + 1. Let i be r(-1). Let z(b) = 0 + i + 0*b + 3*b. Let x(n) = 4*d(n) - 3*z(n). Determine x(5).
1
Let a = 60 + -64. Let x(q) = -q**3 - 4*q**2 + q - 1. Calculate x(a).
-5
Let o be (3/12)/((-4)/(-112)). Let q(f) = -2*f + 1. Determine q(o).
-13
Let l(c) = 8*c + 4 + 3*c**2 + 4 - 4 - 2*c**2. Give l(-8).
4
Let v(b) = 16*b**3 + 2*b**2 + 2*b + 1. Let c(u) = -2*u + 23. Let j be c(12). Give v(j).
-15
Suppose -b + 0 + 2 = 0. Let i(q) = -q**2 + 10*q - 7. Let u be i(9). Let c(w) = -3*w - u + 8*w + 0 - w**2. Calculate c(b).
4
Let s(u) = -2*u + u + 2*u + 1 - 3. Calculate s(3).
1
Let p(r) = 6*r**3 + 2. Let b(v) = -5*v**3 + v**2 - 2. Suppose -5*o = -3*g + 46, 0 = g + 2*o - 2 - 6. Let u = 7 - g. Let w(f) = u*b(f) - 4*p(f). Calculate w(5).
2
Let w(m) be the second derivative of -m**5/20 - m**4/3 + 5*m**3/6 + 5*m**2/2 - 2*m + 8. Let n b